or of 1575092 and 19756?
1796
Calculate the greatest common divisor of 698308 and 676.
676
Calculate the highest common divisor of 20 and 5644630.
10
Calculate the highest common factor of 76624432 and 5936.
848
Calculate the greatest common factor of 108718128 and 384.
48
Calculate the greatest common divisor of 222817 and 4792025.
973
What is the highest common factor of 4791297 and 3927?
357
Calculate the greatest common divisor of 7531927 and 377.
13
What is the greatest common factor of 61155 and 8891635?
755
What is the highest common factor of 2890186 and 174707?
1157
Calculate the highest common factor of 1349186447 and 5719.
5719
What is the highest common factor of 9222 and 23838?
174
Calculate the highest common factor of 19658017 and 596.
149
What is the highest common divisor of 13088 and 3364?
4
What is the greatest common divisor of 13954100 and 27600?
2300
Calculate the highest common divisor of 1715 and 16137121.
343
What is the greatest common factor of 1120 and 189681760?
160
What is the greatest common divisor of 64 and 44322528?
32
Calculate the greatest common divisor of 795992 and 5828.
188
What is the greatest common divisor of 672651844 and 21088?
2636
What is the greatest common divisor of 54 and 618885171?
27
Calculate the greatest common factor of 4189 and 2307997.
71
What is the greatest common factor of 210 and 50071245?
105
What is the highest common factor of 1981 and 34381387?
283
What is the greatest common divisor of 5643 and 11389873?
209
What is the greatest common factor of 95963 and 256?
1
What is the greatest common divisor of 105560148 and 48?
12
What is the greatest common divisor of 2722434 and 8183?
167
What is the highest common factor of 28 and 8908270?
14
Calculate the highest common factor of 138784 and 12288.
32
Calculate the highest common factor of 9026486 and 1274.
98
Calculate the highest common divisor of 12105 and 1019241.
2421
Calculate the highest common divisor of 64 and 41384880.
16
What is the greatest common factor of 285 and 261783615?
285
What is the highest common factor of 374 and 231569206?
374
What is the greatest common divisor of 78637 and 93772913?
3419
Calculate the highest common factor of 7824 and 2054424.
24
What is the greatest common divisor of 1714583 and 26?
13
What is the highest common factor of 168 and 69293392?
56
Calculate the highest common factor of 372060 and 625665.
795
What is the highest common factor of 599841485 and 274?
137
Calculate the greatest common factor of 20560489 and 442865.
3851
Calculate the highest common factor of 291 and 129348239.
97
Calculate the highest common factor of 119607978 and 27510.
5502
Calculate the greatest common factor of 2 and 3100163.
1
What is the greatest common factor of 4924 and 839884?
4
What is the greatest common factor of 884 and 633590?
34
Calculate the greatest common factor of 132 and 6155490.
66
Calculate the greatest common factor of 2208308 and 111.
37
What is the greatest common divisor of 25132 and 5903548?
412
What is the greatest common divisor of 10409350 and 700?
350
Calculate the highest common divisor of 742 and 22858582.
106
Calculate the highest common divisor of 524 and 8927257.
131
What is the greatest common factor of 291267270 and 15?
15
What is the greatest common divisor of 1268 and 221266?
634
What is the highest common divisor of 404 and 90098?
2
What is the greatest common factor of 960 and 5279280?
240
What is the greatest common factor of 109113 and 2381949?
111
What is the greatest common factor of 22550 and 19250?
550
Calculate the greatest common divisor of 697050 and 12979071.
13941
What is the highest common factor of 405255466 and 462?
154
Calculate the greatest common divisor of 5902 and 370435.
13
What is the highest common divisor of 505575 and 13896225?
4725
Calculate the highest common factor of 26166123 and 36.
9
What is the highest common factor of 3968232 and 408?
24
What is the greatest common divisor of 737 and 6676549?
11
What is the highest common divisor of 395441364 and 24?
12
Calculate the highest common factor of 262830 and 6810.
30
What is the greatest common factor of 18288 and 4025646?
2286
What is the highest common factor of 426 and 955498404?
426
What is the highest common divisor of 112000 and 617750?
1750
What is the greatest common divisor of 14365 and 48671?
17
What is the greatest common divisor of 468500 and 254500?
500
What is the greatest common factor of 13376 and 1020224?
1216
Calculate the highest common divisor of 27950614 and 888.
74
Calculate the greatest common divisor of 39741170 and 133.
7
What is the highest common factor of 1365 and 1597440?
195
Calculate the highest common factor of 8030 and 1295020.
730
What is the greatest common factor of 5243259 and 847?
7
Calculate the greatest common divisor of 417638 and 19162.
26
Calculate the highest common factor of 7627 and 17054498.
263
Calculate the highest common factor of 46646404 and 28.
28
What is the greatest common factor of 98919 and 669987?
261
Calculate the greatest common divisor of 246460 and 14380.
20
Calculate the highest common divisor of 761411482 and 293.
293
Calculate the greatest common factor of 120433523 and 2009.
2009
What is the highest common factor of 673131600 and 32400?
10800
Calculate the greatest common factor of 275746905 and 76.
19
What is the highest common factor of 5430 and 91610?
10
Calculate the greatest common factor of 8 and 2402604.
4
Calculate the greatest common factor of 1051204 and 7.
7
What is the highest common factor of 49016150 and 100?
50
What is the greatest common divisor of 347386 and 19592?
62
What is the highest common factor of 2282794067 and 9473?
9473
Calculate the greatest common divisor of 560974 and 4.
2
What is the highest common factor of 54457 and 5247814?
767
Calculate the highest common factor of 57450 and 34980.
30
Calculate the greatest common factor of 11575 and 30933956.
463
Calculate the greatest common divisor of 21357 and 427518.
189
What is the greatest common divisor of 2942815 and 10735?
95
What is the highest common factor of 1632 and 42206784?
1632
Calculate the greatest common divisor of 512792 and 728.
56
What is the greatest common factor of 552780 and 72?
36
Calculate the highest common factor of 230 and 2159040.
10
What is the highest common divisor of 139 and 26492149?
139
Calculate the highest common factor of 15048180 and 34587.
567
What is the greatest common divisor of 630084 and 54936?
84
What is the highest common factor of 656478 and 36072?
54
What is the highest common factor of 301140 and 2820?
60
Calculate the greatest common divisor of 56240 and 719280.
2960
Calculate the highest common divisor of 6487959 and 15438.
93
Calculate the greatest common factor of 11360288 and 64.
32
Calculate the greatest common divisor of 11068208 and 48.
16
Calculate the greatest common factor of 16926 and 6688374.
1302
What is the highest common factor of 1521 and 3605004?
117
What is the greatest common factor of 96 and 18609312?
96
What is the greatest common divisor of 6051648 and 19968?
192
Calculate the highest common divisor of 1193063 and 10503.
389
What is the greatest common divisor of 258060 and 4508?
92
What is the greatest common factor of 290 and 265883890?
290
What is the highest common divisor of 512148 and 5396664?
7644
What is the highest common divisor of 5360 and 31360?
80
Calculate the highest common divisor of 31674807 and 405.
81
What is the greatest common divisor of 356982949 and 527?
527
What is the highest common divisor of 99 and 83681928?
99
What is the highest common divisor of 2280 and 505533?
57
What is the highest common divisor of 2024 and 235336?
184
What is the greatest common factor of 9992965 and 2?
1
Calculate the highest common factor of 159962 and 60984.
242
What is the highest common factor of 103419288 and 7560?
1512
Calculate the greatest common factor of 455 and 14105.
455
What is the greatest common divisor of 31525 and 11295650?
2425
What is the greatest common factor of 2559061 and 289?
17
What is the greatest common divisor of 138959493 and 7593?
7593
What is the highest common divisor of 1278 and 3470906?
142
Calculate the highest common divisor of 170364 and 2748.
12
W